{"id":526,"date":"2016-03-27T12:53:31","date_gmt":"2016-03-27T12:53:31","guid":{"rendered":"http:\/\/caxigueiro.luagris.net\/?page_id=526"},"modified":"2017-04-01T16:41:16","modified_gmt":"2017-04-01T16:41:16","slug":"presentacion-2","status":"publish","type":"page","link":"http:\/\/caxigueiro.com\/?page_id=526","title":{"rendered":"Presentaci\u00f3n"},"content":{"rendered":"<p>La obra de Caxigueiro reflexiona sobre cuestiones que condicionan el desarrollo vital, tanto individual como colectivo. Desde 1990 se interesa por la instalaci\u00f3n, aunque con frecuencia tambi\u00e9n se expresa a trav\u00e9s de otras disciplinas (escultura, fotografia, poes\u00eda etc). La combinanci\u00f3n de distintos lenguajes, el interes por narrar, la importante presencia de la cer\u00e1mica, junto a una actitud cr\u00edtica y claramente perif\u00e9rica, sirven de punto de partida para acercarse a un personal modo de entender el arte.<\/p>\n<p><a href=\"\/\">GL<\/a> | <a href=\"?page_id=529\">EN<\/a> | <a href=\"?page_id=531\">FR<\/a><\/p>\n","protected":false},"excerpt":{"rendered":"<p>La obra de Caxigueiro reflexiona sobre cuestiones que condicionan el desarrollo vital, tanto individual como colectivo. Desde 1990 se interesa por la instalaci\u00f3n, aunque con frecuencia tambi\u00e9n se expresa a trav\u00e9s de otras disciplinas (escultura, fotografia, poes\u00eda etc). La combinanci\u00f3n de distintos lenguajes, el interes por narrar, la importante presencia de la cer\u00e1mica, junto a [&hellip;]<\/p>\n","protected":false},"author":1,"featured_media":0,"parent":0,"menu_order":0,"comment_status":"closed","ping_status":"closed","template":"","meta":{"jetpack_post_was_ever_published":false,"footnotes":""},"class_list":["post-526","page","type-page","status-publish","hentry"],"jetpack_sharing_enabled":true,"jetpack_shortlink":"https:\/\/wp.me\/P73ilM-8u","_links":{"self":[{"href":"http:\/\/caxigueiro.com\/index.php?rest_route=\/wp\/v2\/pages\/526","targetHints":{"allow":["GET"]}}],"collection":[{"href":"http:\/\/caxigueiro.com\/index.php?rest_route=\/wp\/v2\/pages"}],"about":[{"href":"http:\/\/caxigueiro.com\/index.php?rest_route=\/wp\/v2\/types\/page"}],"author":[{"embeddable":true,"href":"http:\/\/caxigueiro.com\/index.php?rest_route=\/wp\/v2\/users\/1"}],"replies":[{"embeddable":true,"href":"http:\/\/caxigueiro.com\/index.php?rest_route=%2Fwp%2Fv2%2Fcomments&post=526"}],"version-history":[{"count":3,"href":"http:\/\/caxigueiro.com\/index.php?rest_route=\/wp\/v2\/pages\/526\/revisions"}],"predecessor-version":[{"id":775,"href":"http:\/\/caxigueiro.com\/index.php?rest_route=\/wp\/v2\/pages\/526\/revisions\/775"}],"wp:attachment":[{"href":"http:\/\/caxigueiro.com\/index.php?rest_route=%2Fwp%2Fv2%2Fmedia&parent=526"}],"curies":[{"name":"wp","href":"https:\/\/api.w.org\/{rel}","templated":true}]}}