{"id":75,"date":"2015-12-12T21:08:01","date_gmt":"2015-12-12T20:08:01","guid":{"rendered":"https:\/\/pequenospoemas.wordpress.com\/?page_id=75"},"modified":"2017-03-09T12:17:36","modified_gmt":"2017-03-09T12:17:36","slug":"1990-1997","status":"publish","type":"page","link":"http:\/\/caxigueiro.com\/?page_id=75","title":{"rendered":"1990-1997"},"content":{"rendered":"<div class=\"obra obra_1_1\">\n<a href=\"http:\/\/caxigueiro.com\/?page_id=180\"><img loading=\"lazy\" decoding=\"async\" src=\"\/wp-content\/uploads\/2016\/02\/1.jpg\" alt=\"Danza\" width=\"100\" height=\"83\" \/><\/a><br \/>\n<a href=\"http:\/\/caxigueiro.com\/?page_id=180\" class=\"tit-gal\">Danza<\/a><\/div>\n<div class=\"obra obra_1_2\">\n<a href=\"http:\/\/caxigueiro.com\/?page_id=182\"><img loading=\"lazy\" decoding=\"async\" src=\"\/wp-content\/uploads\/2016\/02\/guerreiros_2_detalle.jpg\" alt=\"Guerreiros\" width=\"100\" height=\"63\" \/><\/a><br \/>\n<a href=\"http:\/\/caxigueiro.com\/?page_id=182\" class=\"tit-gal\">Guerreiros<\/a><\/div>\n<div class=\"obra obra_1_3\">\n<a href=\"http:\/\/caxigueiro.com\/?page_id=188\"><img loading=\"lazy\" decoding=\"async\" src=\"\/wp-content\/uploads\/2016\/02\/3_Scan0001_b.jpg\" alt=\"Sa\u00edr-Modificar\" width=\"100\" height=\"54\" \/><\/a><br \/>\n<a href=\"http:\/\/caxigueiro.com\/?page_id=188\" class=\"tit-gal\">Sa\u00edr-Modificar<\/a><\/div>\n<div class=\"obra obra_2_1\">\n<a href=\"http:\/\/caxigueiro.com\/?page_id=194\"><img loading=\"lazy\" decoding=\"async\" src=\"\/wp-content\/uploads\/2016\/02\/auga2.jpg\" alt=\"Sen T\u00edtulo\" width=\"57\" height=\"90\" \/><\/a><br \/>\n<a href=\"http:\/\/caxigueiro.com\/?page_id=194\" class=\"tit-gal\">Sen T\u00edtulo<\/a><\/div>\n<div class=\"obra obra_2_2\">\n<a href=\"http:\/\/caxigueiro.com\/?page_id=202\"><img loading=\"lazy\" decoding=\"async\" src=\"\/wp-content\/uploads\/2016\/02\/5-1.jpg\" alt=\"Sen T\u00edtulo\" width=\"100\" height=\"86\" \/><\/a><br \/>\n<a href=\"http:\/\/caxigueiro.com\/?page_id=202\" class=\"tit-gal\">Sen T\u00edtulo<\/a><\/div>\n<div class=\"obra obra_2_3\">\n<a href=\"http:\/\/caxigueiro.com\/?page_id=212\"><img loading=\"lazy\" decoding=\"async\" src=\"\/wp-content\/uploads\/2016\/02\/4_MG_5228.jpg\" alt=\"Di\u00e1logo Fragmentado\" width=\"62\" height=\"90\" \/><\/a><br \/>\n<a href=\"http:\/\/caxigueiro.com\/?page_id=212\" class=\"tit-gal\">Di\u00e1logo Fragmentado<\/a><\/div>\n<div class=\"obra obra_3_1\">\n<a href=\"http:\/\/caxigueiro.com\/?page_id=219\"><img loading=\"lazy\" decoding=\"async\" src=\"\/wp-content\/uploads\/2016\/03\/1europa_b.jpg\" alt=\"Europa: Terapia Puntual\" width=\"100\" height=\"67\" \/><\/a><br \/>\n<a href=\"http:\/\/caxigueiro.com\/?page_id=219\" class=\"tit-gal\">Europa: Terapia Puntual<\/a><\/div>\n<div class=\"obra obra_3_2\">\n<a href=\"http:\/\/caxigueiro.com\/?page_id=236\"><img loading=\"lazy\" decoding=\"async\" src=\"\/wp-content\/uploads\/2016\/02\/3_3.jpg\" alt=\"O Bosque das Ausencias I\" width=\"100\" height=\"67\" \/><\/a><br \/>\n<a href=\"http:\/\/caxigueiro.com\/?page_id=236\" class=\"tit-gal\">O Bosque das Ausencias I<\/a><\/div>\n<div class=\"obra obra_3_3\">\n<a href=\"http:\/\/caxigueiro.com\/?page_id=245\"><img loading=\"lazy\" decoding=\"async\" src=\"\/wp-content\/uploads\/2016\/02\/1-2.jpg\" alt=\"O Bosque das Ausencias II\" width=\"100\" height=\"68\" \/><\/a><br \/>\n<a href=\"http:\/\/caxigueiro.com\/?page_id=245\" class=\"tit-gal\">O Bosque das Ausencias II<\/a><\/div>\n","protected":false},"excerpt":{"rendered":"<p>Danza Guerreiros Sa\u00edr-Modificar Sen T\u00edtulo Sen T\u00edtulo Di\u00e1logo Fragmentado Europa: Terapia Puntual O Bosque das Ausencias I O Bosque das Ausencias II<\/p>\n","protected":false},"author":1,"featured_media":0,"parent":21,"menu_order":0,"comment_status":"closed","ping_status":"closed","template":"","meta":{"jetpack_post_was_ever_published":false,"footnotes":""},"class_list":["post-75","page","type-page","status-publish","hentry"],"jetpack_sharing_enabled":true,"jetpack_shortlink":"https:\/\/wp.me\/P73ilM-1d","_links":{"self":[{"href":"http:\/\/caxigueiro.com\/index.php?rest_route=\/wp\/v2\/pages\/75","targetHints":{"allow":["GET"]}}],"collection":[{"href":"http:\/\/caxigueiro.com\/index.php?rest_route=\/wp\/v2\/pages"}],"about":[{"href":"http:\/\/caxigueiro.com\/index.php?rest_route=\/wp\/v2\/types\/page"}],"author":[{"embeddable":true,"href":"http:\/\/caxigueiro.com\/index.php?rest_route=\/wp\/v2\/users\/1"}],"replies":[{"embeddable":true,"href":"http:\/\/caxigueiro.com\/index.php?rest_route=%2Fwp%2Fv2%2Fcomments&post=75"}],"version-history":[{"count":16,"href":"http:\/\/caxigueiro.com\/index.php?rest_route=\/wp\/v2\/pages\/75\/revisions"}],"predecessor-version":[{"id":714,"href":"http:\/\/caxigueiro.com\/index.php?rest_route=\/wp\/v2\/pages\/75\/revisions\/714"}],"up":[{"embeddable":true,"href":"http:\/\/caxigueiro.com\/index.php?rest_route=\/wp\/v2\/pages\/21"}],"wp:attachment":[{"href":"http:\/\/caxigueiro.com\/index.php?rest_route=%2Fwp%2Fv2%2Fmedia&parent=75"}],"curies":[{"name":"wp","href":"https:\/\/api.w.org\/{rel}","templated":true}]}}