{"id":6,"date":"2009-12-17T10:30:23","date_gmt":"2009-12-17T10:30:23","guid":{"rendered":"http:\/\/caxigueiro.luagris.net\/?page_id=6"},"modified":"2017-04-01T16:40:42","modified_gmt":"2017-04-01T16:40:42","slug":"presentacion","status":"publish","type":"page","link":"https:\/\/caxigueiro.com\/","title":{"rendered":"Presentaci\u00f3n"},"content":{"rendered":"<p>A obra de Caxigueiro reflexiona sobre cuesti\u00f3ns que condicionan o desenvolvemento vital, tanto individual coma colectivo. Dende 1990 inter\u00e9sase pola instalaci\u00f3n, a\u00ednda que a mi\u00fado tam\u00e9n se expresa a trav\u00e9s doutras disciplinas (escultura, fotograf\u00eda, poes\u00eda, etc). A mestura de diferentes linguaxes, o interese por narrar, a importante presenza da cer\u00e1mica, xunto a unha actitude cr\u00edtica e claramente perif\u00e9rica, serven de ponto de partida para achegarse a un persoal xeito de entender a Arte.<\/p>\n<p><a href=\"?page_id=526\">ES<\/a> | <a href=\"?page_id=529\">EN<\/a> | <a href=\"?page_id=531\">FR<\/a><\/p>\n","protected":false},"excerpt":{"rendered":"<p>A obra de Caxigueiro reflexiona sobre cuesti\u00f3ns que condicionan o desenvolvemento vital, tanto individual coma colectivo. Dende 1990 inter\u00e9sase pola instalaci\u00f3n, a\u00ednda que a mi\u00fado tam\u00e9n se expresa a trav\u00e9s doutras disciplinas (escultura, fotograf\u00eda, poes\u00eda, etc). A mestura de diferentes linguaxes, o interese por narrar, a importante presenza da cer\u00e1mica, xunto a unha actitude cr\u00edtica [&hellip;]<\/p>\n","protected":false},"author":1,"featured_media":0,"parent":0,"menu_order":0,"comment_status":"open","ping_status":"open","template":"","meta":{"footnotes":""},"class_list":["post-6","page","type-page","status-publish","hentry"],"jetpack_sharing_enabled":true,"jetpack_shortlink":"https:\/\/wp.me\/P73ilM-6","_links":{"self":[{"href":"https:\/\/caxigueiro.com\/index.php?rest_route=\/wp\/v2\/pages\/6","targetHints":{"allow":["GET"]}}],"collection":[{"href":"https:\/\/caxigueiro.com\/index.php?rest_route=\/wp\/v2\/pages"}],"about":[{"href":"https:\/\/caxigueiro.com\/index.php?rest_route=\/wp\/v2\/types\/page"}],"author":[{"embeddable":true,"href":"https:\/\/caxigueiro.com\/index.php?rest_route=\/wp\/v2\/users\/1"}],"replies":[{"embeddable":true,"href":"https:\/\/caxigueiro.com\/index.php?rest_route=%2Fwp%2Fv2%2Fcomments&post=6"}],"version-history":[{"count":7,"href":"https:\/\/caxigueiro.com\/index.php?rest_route=\/wp\/v2\/pages\/6\/revisions"}],"predecessor-version":[{"id":774,"href":"https:\/\/caxigueiro.com\/index.php?rest_route=\/wp\/v2\/pages\/6\/revisions\/774"}],"wp:attachment":[{"href":"https:\/\/caxigueiro.com\/index.php?rest_route=%2Fwp%2Fv2%2Fmedia&parent=6"}],"curies":[{"name":"wp","href":"https:\/\/api.w.org\/{rel}","templated":true}]}}